{"id":481,"date":"2024-08-29T15:13:55","date_gmt":"2024-08-29T15:13:55","guid":{"rendered":"http:\/\/www.freundschaft-bonn.com\/?page_id=481"},"modified":"2026-04-12T10:36:47","modified_gmt":"2026-04-12T10:36:47","slug":"kurse","status":"publish","type":"page","link":"http:\/\/www.freundschaft-bonn.com\/uk\/kurse\/","title":{"rendered":"Die Projekte der Bonner Begegnungsst\u00e4tte Freundschaft e.V."},"content":{"rendered":"<p>Die Projekte der Bonner Begegnungsst\u00e4tte Freundschaft e.V. verfolgen das \u00fcbergeordnete Ziel,&nbsp;<strong>Integration, gesellschaftliche Teilhabe und Chancengleichheit<\/strong>&nbsp;f\u00fcr Menschen mit Flucht- und Migrationshintergrund zu f\u00f6rdern \u2013 insbesondere f\u00fcr Familien und Kinder aus der Ukraine.<\/p>\n\n\n\n<p>Ausgehend von den konkreten Bedarfen der Zielgruppe \u2013 wie Sprachbarrieren, eingeschr\u00e4nktem Zugang zu Bildung, fehlender sozialer Vernetzung und komplexen administrativen Herausforderungen \u2013 entwickeln wir niedrigschwellige, praxisnahe Angebote in den Bereichen&nbsp;<strong>Bildung, soziale Unterst\u00fctzung und kulturelle Teilhabe<\/strong>.<\/p>\n\n\n\n<p>Unsere Ma\u00dfnahmen richten sich insbesondere an:<\/p>\n\n\n\n<ul class=\"wp-block-list\">\n<li>Kinder und Jugendliche mit F\u00f6rderbedarf (z. B. Sprachentwicklung, soziale Integration)<\/li>\n\n\n\n<li>Erwachsene in Integrations- und Orientierungsphasen<\/li>\n\n\n\n<li>besonders schutzbed\u00fcrftige Personen, wie Patient*innen im Rahmen von MedEvac<\/li>\n<\/ul>\n\n\n\n<p>Durch die Kombination aus&nbsp;<strong>ehrenamtlichem Engagement, fachlicher Begleitung und interkultureller Kompetenz<\/strong>schaffen wir nachhaltige Strukturen, die sowohl individuelle Entwicklung f\u00f6rdern als auch den gesellschaftlichen Zusammenhalt st\u00e4rken.<\/p>","protected":false},"excerpt":{"rendered":"<p>Die Projekte der Bonner Begegnungsst\u00e4tte Freundschaft e.V. verfolgen das \u00fcbergeordnete Ziel,&nbsp;Integration, gesellschaftliche Teilhabe und Chancengleichheit&nbsp;f\u00fcr Menschen mit Flucht- und Migrationshintergrund zu f\u00f6rdern \u2013 insbesondere f\u00fcr Familien und Kinder aus der Ukraine. Ausgehend von den konkreten Bedarfen der Zielgruppe \u2013 wie &hellip; <\/p>","protected":false},"author":1,"featured_media":0,"parent":0,"menu_order":0,"comment_status":"closed","ping_status":"closed","template":"","meta":{"_coblocks_attr":"","_coblocks_dimensions":"","_coblocks_responsive_height":"","_coblocks_accordion_ie_support":"","footnotes":""},"class_list":["post-481","page","type-page","status-publish","hentry"],"_links":{"self":[{"href":"http:\/\/www.freundschaft-bonn.com\/uk\/wp-json\/wp\/v2\/pages\/481","targetHints":{"allow":["GET"]}}],"collection":[{"href":"http:\/\/www.freundschaft-bonn.com\/uk\/wp-json\/wp\/v2\/pages"}],"about":[{"href":"http:\/\/www.freundschaft-bonn.com\/uk\/wp-json\/wp\/v2\/types\/page"}],"author":[{"embeddable":true,"href":"http:\/\/www.freundschaft-bonn.com\/uk\/wp-json\/wp\/v2\/users\/1"}],"replies":[{"embeddable":true,"href":"http:\/\/www.freundschaft-bonn.com\/uk\/wp-json\/wp\/v2\/comments?post=481"}],"version-history":[{"count":3,"href":"http:\/\/www.freundschaft-bonn.com\/uk\/wp-json\/wp\/v2\/pages\/481\/revisions"}],"predecessor-version":[{"id":632,"href":"http:\/\/www.freundschaft-bonn.com\/uk\/wp-json\/wp\/v2\/pages\/481\/revisions\/632"}],"wp:attachment":[{"href":"http:\/\/www.freundschaft-bonn.com\/uk\/wp-json\/wp\/v2\/media?parent=481"}],"curies":[{"name":"wp","href":"https:\/\/api.w.org\/{rel}","templated":true}]}}

Die Projekte der Bonner Begegnungsstätte Freundschaft e.V.

<p>Die Projekte der Bonner Begegnungsstätte Freundschaft e.V. verfolgen das übergeordnete Ziel,&nbsp;<strong>Integration, gesellschaftliche Teilhabe und Chancengleichheit</strong>&nbsp;für Menschen mit Flucht- und Migrationshintergrund zu fördern – insbesondere für Familien und Kinder aus der Ukraine.</p>



<p>Ausgehend von den konkreten Bedarfen der Zielgruppe – wie Sprachbarrieren, eingeschränktem Zugang zu Bildung, fehlender sozialer Vernetzung und komplexen administrativen Herausforderungen – entwickeln wir niedrigschwellige, praxisnahe Angebote in den Bereichen&nbsp;<strong>Bildung, soziale Unterstützung und kulturelle Teilhabe</strong>.</p>



<p>Unsere Maßnahmen richten sich insbesondere an:</p>



<ul class="wp-block-list">
<li>Kinder und Jugendliche mit Förderbedarf (z. B. Sprachentwicklung, soziale Integration)</li>



<li>Erwachsene in Integrations- und Orientierungsphasen</li>



<li>besonders schutzbedürftige Personen, wie Patient*innen im Rahmen von MedEvac</li>
</ul>



<p>Durch die Kombination aus&nbsp;<strong>ehrenamtlichem Engagement, fachlicher Begleitung und interkultureller Kompetenz</strong>schaffen wir nachhaltige Strukturen, die sowohl individuelle Entwicklung fördern als auch den gesellschaftlichen Zusammenhalt stärken.</p>

<p>Die Projekte der Bonner Begegnungsstätte Freundschaft e.V. verfolgen das übergeordnete Ziel,&nbsp;Integration, gesellschaftliche Teilhabe und Chancengleichheit&nbsp;für Menschen mit Flucht- und Migrationshintergrund zu fördern – insbesondere für Familien und Kinder aus der Ukraine. Ausgehend von den konkreten Bedarfen der Zielgruppe – wie &hellip; </p>
